{"id":151,"date":"2018-02-18T14:11:47","date_gmt":"2018-02-18T14:11:47","guid":{"rendered":"https:\/\/www.zg-magyar.hr\/?page_id=151"},"modified":"2018-10-20T12:41:44","modified_gmt":"2018-10-20T12:41:44","slug":"institucije","status":"publish","type":"page","link":"https:\/\/www.zg-magyar.hr\/hu\/madari-u-zg\/institucije\/","title":{"rendered":"Int\u00e9zm\u00e9nyek"},"content":{"rendered":"<ul>\n<li><a href=\"https:\/\/www.zg-magyar.hr\/madari-u-zg\/institucije\/madarski-djecji-vrtic-potocnica\/\">Ma\u0111arski dje\u010dji vrti\u0107 Poto\u010dnica<\/a><\/li>\n<li><a href=\"https:\/\/www.zg-magyar.hr\/madari-u-zg\/institucije\/os-ivana-gundulica\/\">Osnovna \u0161kola Ivana Gunduli\u0107a<\/a><\/li>\n<li><a href=\"https:\/\/www.zg-magyar.hr\/madari-u-zg\/institucije\/odsjek-za-hungaristiku-na-filozofskom-fakultetu-sveucilista-u-zagrebu-i-madarski-institut\/\">Odsjek za hungaristiku na Filozofskom fakultetu Sveu\u010dili\u0161ta u Zagrebu i Ma\u0111arski institut<\/a><\/li>\n<\/ul>\n","protected":false},"excerpt":{"rendered":"<p>Ma\u0111arski dje\u010dji vrti\u0107 Poto\u010dnica Osnovna \u0161kola Ivana Gunduli\u0107a Odsjek za hungaristiku na Filozofskom fakultetu Sveu\u010dili\u0161ta u Zagrebu i Ma\u0111arski institut<\/p>\n","protected":false},"author":1,"featured_media":0,"parent":30,"menu_order":0,"comment_status":"closed","ping_status":"closed","template":"","meta":{"footnotes":""},"class_list":["post-151","page","type-page","status-publish","hentry"],"_links":{"self":[{"href":"https:\/\/www.zg-magyar.hr\/hu\/wp-json\/wp\/v2\/pages\/151","targetHints":{"allow":["GET"]}}],"collection":[{"href":"https:\/\/www.zg-magyar.hr\/hu\/wp-json\/wp\/v2\/pages"}],"about":[{"href":"https:\/\/www.zg-magyar.hr\/hu\/wp-json\/wp\/v2\/types\/page"}],"author":[{"embeddable":true,"href":"https:\/\/www.zg-magyar.hr\/hu\/wp-json\/wp\/v2\/users\/1"}],"replies":[{"embeddable":true,"href":"https:\/\/www.zg-magyar.hr\/hu\/wp-json\/wp\/v2\/comments?post=151"}],"version-history":[{"count":6,"href":"https:\/\/www.zg-magyar.hr\/hu\/wp-json\/wp\/v2\/pages\/151\/revisions"}],"predecessor-version":[{"id":305,"href":"https:\/\/www.zg-magyar.hr\/hu\/wp-json\/wp\/v2\/pages\/151\/revisions\/305"}],"up":[{"embeddable":true,"href":"https:\/\/www.zg-magyar.hr\/hu\/wp-json\/wp\/v2\/pages\/30"}],"wp:attachment":[{"href":"https:\/\/www.zg-magyar.hr\/hu\/wp-json\/wp\/v2\/media?parent=151"}],"curies":[{"name":"wp","href":"https:\/\/api.w.org\/{rel}","templated":true}]}}

Intézmények

<ul>
<li><a href="https://www.zg-magyar.hr/madari-u-zg/institucije/madarski-djecji-vrtic-potocnica/">Mađarski dječji vrtić Potočnica</a></li>
<li><a href="https://www.zg-magyar.hr/madari-u-zg/institucije/os-ivana-gundulica/">Osnovna škola Ivana Gundulića</a></li>
<li><a href="https://www.zg-magyar.hr/madari-u-zg/institucije/odsjek-za-hungaristiku-na-filozofskom-fakultetu-sveucilista-u-zagrebu-i-madarski-institut/">Odsjek za hungaristiku na Filozofskom fakultetu Sveučilišta u Zagrebu i Mađarski institut</a></li>
</ul>

<p>Mađarski dječji vrtić Potočnica Osnovna škola Ivana Gundulića Odsjek za hungaristiku na Filozofskom fakultetu Sveučilišta u Zagrebu i Mađarski institut</p>
