{"id":284,"date":"2018-10-20T12:27:56","date_gmt":"2018-10-20T12:27:56","guid":{"rendered":"https:\/\/www.zg-magyar.hr\/?page_id=284"},"modified":"2018-10-20T12:30:18","modified_gmt":"2018-10-20T12:30:18","slug":"drustvo-madarskih-znanstvenika-i-umjetnika-u-hrvatskoj","status":"publish","type":"page","link":"https:\/\/www.zg-magyar.hr\/hu\/madari-u-zg\/udruge\/drustvo-madarskih-znanstvenika-i-umjetnika-u-hrvatskoj\/","title":{"rendered":"DMZUH"},"content":{"rendered":"<p class=\"qtranxs-available-languages-message qtranxs-available-languages-message-hu\">Sajnos ennek a bejegyz\u00e9snek csak <a href=\"https:\/\/www.zg-magyar.hr\/hr\/wp-json\/wp\/v2\/pages\/284\" class=\"qtranxs-available-language-link qtranxs-available-language-link-hr\" title=\"Hrvatski\">Hrvatski<\/a> nyelv\u0171 v\u00e1ltozata van.<\/p>","protected":false},"excerpt":{"rendered":"<p>Sajnos ennek a bejegyz\u00e9snek csak Hrvatski nyelv\u0171 v\u00e1ltozata van.<\/p>\n","protected":false},"author":1,"featured_media":0,"parent":149,"menu_order":0,"comment_status":"closed","ping_status":"closed","template":"","meta":{"footnotes":""},"class_list":["post-284","page","type-page","status-publish","hentry"],"_links":{"self":[{"href":"https:\/\/www.zg-magyar.hr\/hu\/wp-json\/wp\/v2\/pages\/284","targetHints":{"allow":["GET"]}}],"collection":[{"href":"https:\/\/www.zg-magyar.hr\/hu\/wp-json\/wp\/v2\/pages"}],"about":[{"href":"https:\/\/www.zg-magyar.hr\/hu\/wp-json\/wp\/v2\/types\/page"}],"author":[{"embeddable":true,"href":"https:\/\/www.zg-magyar.hr\/hu\/wp-json\/wp\/v2\/users\/1"}],"replies":[{"embeddable":true,"href":"https:\/\/www.zg-magyar.hr\/hu\/wp-json\/wp\/v2\/comments?post=284"}],"version-history":[{"count":2,"href":"https:\/\/www.zg-magyar.hr\/hu\/wp-json\/wp\/v2\/pages\/284\/revisions"}],"predecessor-version":[{"id":287,"href":"https:\/\/www.zg-magyar.hr\/hu\/wp-json\/wp\/v2\/pages\/284\/revisions\/287"}],"up":[{"embeddable":true,"href":"https:\/\/www.zg-magyar.hr\/hu\/wp-json\/wp\/v2\/pages\/149"}],"wp:attachment":[{"href":"https:\/\/www.zg-magyar.hr\/hu\/wp-json\/wp\/v2\/media?parent=284"}],"curies":[{"name":"wp","href":"https:\/\/api.w.org\/{rel}","templated":true}]}}

<p class="qtranxs-available-languages-message qtranxs-available-languages-message-hu">Sajnos ennek a bejegyzésnek csak <a href="https://www.zg-magyar.hr/hr/wp-json/wp/v2/pages/284" class="qtranxs-available-language-link qtranxs-available-language-link-hr" title="Hrvatski">Hrvatski</a> nyelvű változata van.</p>

<p>Sajnos ennek a bejegyzésnek csak Hrvatski nyelvű változata van.</p>
