{"id":292,"date":"2018-10-20T12:34:24","date_gmt":"2018-10-20T12:34:24","guid":{"rendered":"https:\/\/www.zg-magyar.hr\/?page_id=292"},"modified":"2018-10-20T12:40:41","modified_gmt":"2018-10-20T12:40:41","slug":"madarski-djecji-vrtic-potocnica","status":"publish","type":"page","link":"https:\/\/www.zg-magyar.hr\/hu\/madari-u-zg\/institucije\/madarski-djecji-vrtic-potocnica\/","title":{"rendered":"Ma\u0111arski dje\u010dji vrti\u0107 Poto\u010dnica"},"content":{"rendered":"<p class=\"qtranxs-available-languages-message qtranxs-available-languages-message-hu\">Sajnos ennek a bejegyz\u00e9snek csak <a href=\"https:\/\/www.zg-magyar.hr\/hr\/wp-json\/wp\/v2\/pages\/292\" class=\"qtranxs-available-language-link qtranxs-available-language-link-hr\" title=\"Hrvatski\">Hrvatski<\/a> nyelv\u0171 v\u00e1ltozata van.<\/p>","protected":false},"excerpt":{"rendered":"<p>Sajnos ennek a bejegyz\u00e9snek csak Hrvatski nyelv\u0171 v\u00e1ltozata van.<\/p>\n","protected":false},"author":1,"featured_media":0,"parent":151,"menu_order":0,"comment_status":"closed","ping_status":"closed","template":"","meta":{"footnotes":""},"class_list":["post-292","page","type-page","status-publish","hentry"],"_links":{"self":[{"href":"https:\/\/www.zg-magyar.hr\/hu\/wp-json\/wp\/v2\/pages\/292","targetHints":{"allow":["GET"]}}],"collection":[{"href":"https:\/\/www.zg-magyar.hr\/hu\/wp-json\/wp\/v2\/pages"}],"about":[{"href":"https:\/\/www.zg-magyar.hr\/hu\/wp-json\/wp\/v2\/types\/page"}],"author":[{"embeddable":true,"href":"https:\/\/www.zg-magyar.hr\/hu\/wp-json\/wp\/v2\/users\/1"}],"replies":[{"embeddable":true,"href":"https:\/\/www.zg-magyar.hr\/hu\/wp-json\/wp\/v2\/comments?post=292"}],"version-history":[{"count":1,"href":"https:\/\/www.zg-magyar.hr\/hu\/wp-json\/wp\/v2\/pages\/292\/revisions"}],"predecessor-version":[{"id":293,"href":"https:\/\/www.zg-magyar.hr\/hu\/wp-json\/wp\/v2\/pages\/292\/revisions\/293"}],"up":[{"embeddable":true,"href":"https:\/\/www.zg-magyar.hr\/hu\/wp-json\/wp\/v2\/pages\/151"}],"wp:attachment":[{"href":"https:\/\/www.zg-magyar.hr\/hu\/wp-json\/wp\/v2\/media?parent=292"}],"curies":[{"name":"wp","href":"https:\/\/api.w.org\/{rel}","templated":true}]}}

Mađarski dječji vrtić Potočnica

<p class="qtranxs-available-languages-message qtranxs-available-languages-message-hu">Sajnos ennek a bejegyzésnek csak <a href="https://www.zg-magyar.hr/hr/wp-json/wp/v2/pages/292" class="qtranxs-available-language-link qtranxs-available-language-link-hr" title="Hrvatski">Hrvatski</a> nyelvű változata van.</p>

<p>Sajnos ennek a bejegyzésnek csak Hrvatski nyelvű változata van.</p>
