{"id":657,"date":"2019-04-22T19:02:07","date_gmt":"2019-04-22T19:02:07","guid":{"rendered":"https:\/\/www.zg-magyar.hr\/?page_id=657"},"modified":"2019-04-22T19:10:27","modified_gmt":"2019-04-22T19:10:27","slug":"dobro-dosli","status":"publish","type":"page","link":"https:\/\/www.zg-magyar.hr\/hu\/dobro-dosli\/","title":{"rendered":"\u00dcdv\u00f6z\u00f6lj\u00fck"},"content":{"rendered":"<p>\u00dcdv\u00f6z\u00f6lj\u00fck a Z\u00e1gr\u00e1b V\u00e1ros Magar Kisebbs\u00e9gi T\u00e1n\u00e1cs\u00e1nak honlapj\u00e1n, ahol a Tan\u00e1cs alapvet\u0151 inform\u00e1ci\u00f3in \u00e9s dokumentumain k\u00edv\u0171l, m\u00e1s magyar szervezetek, egyes\u00fcletek \u00e9s m\u00e1s horv\u00e1t vagy magyar vonatkoz\u00e1s\u00fa int\u00e9zm\u00e9nyer\u0151l sz\u00e1mos inform\u00e1ci\u00f3 tal\u00e1lhat, \u00a0amelyek l\u00e9nyegesek \u00e9s a magyaroks\u00e1g \u00e9rdek\u00e9ben tev\u00e9kenykednek Z\u00e1gr\u00e1bban ,vagy Horv\u00e1torsz\u00e1gban.<\/p>\n<p>Ezen oldalakon megtal\u00e1lhat\u00f3k olyan \u00e9rv\u00e9nyes jogszab\u00e1lyok, amelyek k\u00fcl\u00f6n\u00f6s jelent\u0151s\u00e9ggel vannak a nemzeti kisebbs\u00e9gek \u00e9let\u00e9ben, valamint fontosabb hivatalos \u00e9s \u00e1llami int\u00e9zm\u00e9nyek el\u00e9rhet\u0151s\u00e9ge, sajnos az anygok egy resze csak horv\u00e1t nyelven olvashat\u00f3.<\/p>\n<p>Amennyiben \u00d6nt az aktu\u00e1lis esem\u00e9nyek \u00e9rdekeli, akkor r\u00f3luk is taj\u00e9koz\u00f3dhat, ha kiv\u00e1lasztja az egyik olyan mez\u0151t, amely k\u00f6zvetlen\u00fcl \u00e1tvisi a Facebook oldalunkra, mely nyomon k\u00f6veti a z\u00e1grabi magyars\u00e1g tev\u00e9kenys\u00e9g\u00e9t \u00e9s Z\u00e1gr\u00e1bban l\u00e9v\u0151 esem\u00e9nyeket.<\/p>\n<p>Az elm\u00falt esem\u00e9nyekr\u0151l val\u00f3 t\u00e1j\u00e9koztat\u00e1s c\u00e9lj\u00e1b\u00f3l rendelkez\u00e9s\u00e9re \u00e1ll az eddig \u00a0megjelent Z\u00e1grabi Magyar K\u00f6zl\u00f6ny minden p\u00e9ld\u00e1nya, amely a z\u00e1gr\u00e1bi Tan\u00e1cs h\u00edrlapja \u00e9s havonta jelenik meg.<\/p>\n<p>Egyes oldalak kiz\u00e1rol\u00e1g a tan\u00e1cstag sz\u00e1mara k\u00e9sz\u00fcltek, ez\u00e9rt sajnos nem tudja majd \u0151ket megtekinteni.<\/p>\n<p>K\u00e9rj\u00fck aj\u00e1nlatait \u00e9s esetleges k\u00e9rd\u00e9seit a felt\u00fcntetett e-mail c\u00edm\u00fcnkre k\u00fcldje.<\/p>\n<p>&nbsp;<\/p>\n<p>\u00d6r\u00fcl\u00fcnk hogy kifejezte \u00e9rdekl\u0151d\u00e9s\u00e9t \u00e9s megl\u00e1togatta<\/p>\n<p>Honlapunkat!<\/p>\n<p>Tisztelettel,<\/p>\n<p><img loading=\"lazy\" decoding=\"async\" class=\"alignnone wp-image-659 size-medium\" src=\"https:\/\/www.zg-magyar.hr\/wp-content\/uploads\/2019\/04\/Zoltan-Bala\u017e-Piri-300x225.jpg\" alt=\"\" width=\"300\" height=\"225\" srcset=\"https:\/\/www.zg-magyar.hr\/wp-content\/uploads\/2019\/04\/Zoltan-Bala\u017e-Piri-300x225.jpg 300w, https:\/\/www.zg-magyar.hr\/wp-content\/uploads\/2019\/04\/Zoltan-Bala\u017e-Piri.jpg 391w\" sizes=\"auto, (max-width: 300px) 100vw, 300px\" \/><\/p>\n<p><strong>Bal\u00e1zs-Piri Zolt\u00e1n<\/strong><br \/>\nZ\u00e1gr\u00e1b V\u00e1ros Magar Kisebbs\u00e9gi T\u00e1n\u00e1cs\u00e1nak eln\u00f6ke<br \/>\n<\/p>","protected":false},"excerpt":{"rendered":"<p>\u00dcdv\u00f6z\u00f6lj\u00fck a Z\u00e1gr\u00e1b V\u00e1ros Magar Kisebbs\u00e9gi T\u00e1n\u00e1cs\u00e1nak honlapj\u00e1n, ahol a Tan\u00e1cs alapvet\u0151 inform\u00e1ci\u00f3in \u00e9s dokumentumain k\u00edv\u0171l, m\u00e1s magyar szervezetek, egyes\u00fcletek \u00e9s m\u00e1s horv\u00e1t vagy magyar vonatkoz\u00e1s\u00fa int\u00e9zm\u00e9nyer\u0151l sz\u00e1mos inform\u00e1ci\u00f3 tal\u00e1lhat, \u00a0amelyek l\u00e9nyegesek \u00e9s a magyaroks\u00e1g \u00e9rdek\u00e9ben tev\u00e9kenykednek Z\u00e1gr\u00e1bban ,vagy Horv\u00e1torsz\u00e1gban.<\/p>\n","protected":false},"author":1,"featured_media":0,"parent":0,"menu_order":0,"comment_status":"closed","ping_status":"closed","template":"","meta":{"footnotes":""},"class_list":["post-657","page","type-page","status-publish","hentry"],"_links":{"self":[{"href":"https:\/\/www.zg-magyar.hr\/hu\/wp-json\/wp\/v2\/pages\/657","targetHints":{"allow":["GET"]}}],"collection":[{"href":"https:\/\/www.zg-magyar.hr\/hu\/wp-json\/wp\/v2\/pages"}],"about":[{"href":"https:\/\/www.zg-magyar.hr\/hu\/wp-json\/wp\/v2\/types\/page"}],"author":[{"embeddable":true,"href":"https:\/\/www.zg-magyar.hr\/hu\/wp-json\/wp\/v2\/users\/1"}],"replies":[{"embeddable":true,"href":"https:\/\/www.zg-magyar.hr\/hu\/wp-json\/wp\/v2\/comments?post=657"}],"version-history":[{"count":8,"href":"https:\/\/www.zg-magyar.hr\/hu\/wp-json\/wp\/v2\/pages\/657\/revisions"}],"predecessor-version":[{"id":667,"href":"https:\/\/www.zg-magyar.hr\/hu\/wp-json\/wp\/v2\/pages\/657\/revisions\/667"}],"wp:attachment":[{"href":"https:\/\/www.zg-magyar.hr\/hu\/wp-json\/wp\/v2\/media?parent=657"}],"curies":[{"name":"wp","href":"https:\/\/api.w.org\/{rel}","templated":true}]}}

Üdvözöljük

<p>Üdvözöljük a Zágráb Város Magar Kisebbségi Tánácsának honlapján, ahol a Tanács alapvető információin és dokumentumain kívűl, más magyar szervezetek, egyesületek és más horvát vagy magyar vonatkozású intézményeről számos információ találhat,  amelyek lényegesek és a magyarokság érdekében tevékenykednek Zágrábban ,vagy Horvátországban.</p>
<p>Ezen oldalakon megtalálhatók olyan érvényes jogszabályok, amelyek különös jelentőséggel vannak a nemzeti kisebbségek életében, valamint fontosabb hivatalos és állami intézmények elérhetősége, sajnos az anygok egy resze csak horvát nyelven olvasható.</p>
<p>Amennyiben Önt az aktuális események érdekeli, akkor róluk is tajékozódhat, ha kiválasztja az egyik olyan mezőt, amely közvetlenül átvisi a Facebook oldalunkra, mely nyomon követi a zágrabi magyarság tevékenységét és Zágrábban lévő eseményeket.</p>
<p>Az elmúlt eseményekről való tájékoztatás céljából rendelkezésére áll az eddig  megjelent Zágrabi Magyar Közlöny minden példánya, amely a zágrábi Tanács hírlapja és havonta jelenik meg.</p>
<p>Egyes oldalak kizárolág a tanácstag számara készültek, ezért sajnos nem tudja majd őket megtekinteni.</p>
<p>Kérjük ajánlatait és esetleges kérdéseit a feltüntetett e-mail címünkre küldje.</p>
<p>&nbsp;</p>
<p>Örülünk hogy kifejezte érdeklődését és meglátogatta</p>
<p>Honlapunkat!</p>
<p>Tisztelettel,</p>
<p><img loading="lazy" decoding="async" class="alignnone wp-image-659 size-medium" src="https://www.zg-magyar.hr/wp-content/uploads/2019/04/Zoltan-Balaž-Piri-300x225.jpg" alt="" width="300" height="225" srcset="https://www.zg-magyar.hr/wp-content/uploads/2019/04/Zoltan-Balaž-Piri-300x225.jpg 300w, https://www.zg-magyar.hr/wp-content/uploads/2019/04/Zoltan-Balaž-Piri.jpg 391w" sizes="auto, (max-width: 300px) 100vw, 300px" /></p>
<p><strong>Balázs-Piri Zoltán</strong><br />
Zágráb Város Magar Kisebbségi Tánácsának elnöke<br />
</p>

<p>Üdvözöljük a Zágráb Város Magar Kisebbségi Tánácsának honlapján, ahol a Tanács alapvető információin és dokumentumain kívűl, más magyar szervezetek, egyesületek és más horvát vagy magyar vonatkozású intézményeről számos információ találhat,  amelyek lényegesek és a magyarokság érdekében tevékenykednek Zágrábban ,vagy Horvátországban.</p>
